12 - -2)
39
-15 + 63 + (-1 - ((1 - 5) + 0))
51
Evaluate 18 - (1 - -1 - 1) - (-212 + 218).
11
Evaluate (-96 - 43) + 127 - (0 + 1 + 11).
-24
What is the value of -73 + -10 + -6 - -80?
-9
What is 143 - (-145 - -199 - 44)?
133
What is the value of 80 + -64 + -13 + -14?
-11
What is 3 + -65 + -5 - -29?
-38
What is the value of (1261 - 1286) + -25 + 3?
-47
What is the value of 1 + -37 - (5 - -22 - (92 - 73))?
-44
What is the value of (7 + 3 - 44) + (3 - (-6 + -5))?
-20
Calculate 20 + (24 + -26 - (-5 + (22 - 6))).
7
Evaluate -23 - (2 + 20 + -4).
-41
Evaluate (77 - (94 - -2)) + (0 - -86) - (-1 + -12).
80
-4 + (14 - ((16 - 8) + -11 - (-1 + 20)))
32
What is 45 + -2 + 60 + (-106 - -24)?
21
What is -52 + 0 + (7 - -3) + (-7 - (9 - -3))?
-61
Evaluate 76 - (22 + -4 - -19).
39
What is 11 + -32 + 62 - -4?
45
What is the value of 35 - (-14 + 29) - 21 - 4?
-5
Evaluate (-10 - 72) + 12 + (-1 - (-3 - 10) - 7).
-65
-21 + 1 - (13 - 20 - -20) - (10 - 5)
-38
What is 92 + (-25 + 91 + -67 - (-15 - 0))?
106
-30 + 39 - (18 - (-10 + 10))
-9
Evaluate 24 + 13 + -41 + -60 + 31.
-33
What is (13 - -1 - (55 - -3)) + -4 + 6?
-42
What is (28 - (43 + -13)) + -1 + -1 + 5 + -20?
-19
What is -65 + (-18 - (-58 + 33 + -23))?
-35
Evaluate -6 + (10 - (18 - 22)) - 77.
-69
Evaluate 14 - (-8 + (7 - -10) + -2).
7
Evaluate -1 + -4 - (30 + -11 + -1 + -34 + -20).
31
Evaluate (3 - 3) + (8 - 3) + 15 + 23 + 25.
68
-7 + 40 - 83 - -27
-23
Calculate (-34 - -3) + -851 + 829.
-53
Evaluate 5 + -5 - 6 - (31 - (6 + -9)).
-40
(21 - 30) + (7 - (-4 - (5 - -1)))
8
-75 + -1 - (-9 - -16) - (-5 + (3 - 8))
-73
Calculate 3 + (-650 - -648) + (-14 - (-1 - 1)).
-11
Calculate -68 + 153 + -67 + 42.
60
What is 28 + -12 + -24 + 38 + -78?
-48
2 + -17 - (-13 + 6 + -42 + 65)
-31
What is the value of 81 + 71 + -38 - 31?
83
What is (-49 - -64) + 41 + -15?
41
What is the value of -7 + (0 - (-6 + 1)) + (1096 - 982)?
112
Evaluate -121 - -5 - -189 - 171.
-98
What is 3 + (-12 + -2 - (-57 - -57))?
-11
Evaluate -1 - (-20 - 3 - -10 - 2 - -22).
-8
44 - (-11 - -39 - (77 - 76))
17
151 + -156 - (-90 - (5 + -1))
89
Calculate -7 - -7 - (20 + -32 + 5 + -11 + 77).
-59
Calculate 30 - -84 - 201 - -120.
33
(107 - 113 - (-9 - (-2 + 2 + 1))) + 32
36
Calculate -51 - (-57 + 50 + -33).
-11
Calculate -3 - (0 + -46 - (-942 + 920)).
21
What is the value of 70 + (55 - 123) + 19?
21
What is -104 - (36 - 116) - (-9 - 0 - 0)?
-15
What is (4 - 2) + -50 + 41 + -68 + 67?
-8
What is 107 - 113 - ((-2 + 4 - 4) + 4 - 102)?
94
Calculate 4 + -96 + (20 - ((30 - 0) + -20)).
-82
Calculate -22 - (-29 - (-20 + (37 - 21))).
3
What is 111 + (-1 - -13 - (60 + -50))?
113
Evaluate 176 + 9 - (-2381 + 2494).
72
What is the value of (907 - 1005) + 7 + 2 + -6?
-95
What is (-21 + 15 - 6) + (-1 - -40) + -7?
20
What is 5 - (2 + 11 + (-7 - (-2 - 40)))?
-43
What is -9 + -4 + 15 + (0 - -33) + 0?
35
-57 + -48 + -109 + 224
10
Evaluate 9 + 8 - (22 - (33 + -25)).
3
What is the value of -4 + -46 + 39 - ((2 - 2) + 13)?
-24
(3 + 18 + 0 - -61) + -29
53
What is the value of 3 + 11 + (9 - (42 - (4 + -16)))?
-31
What is (-4 - 13) + (14 - -9) - 23?
-17
Evaluate (1 - -2) + 7 + (35 - 57).
-12
What is -502 - -427 - (4 - (2 + -2 + 15))?
-64
(14 - 27 - -22) + -4 + 5 - 90
-80
Calculate 61 - (59 - -31 - 10).
-19
Evaluate 166 + -135 - (13 + -7).
25
What is 56 - 54 - (-6 + 7 + -33 + (-1 - 5))?
40
What is the value of (-4 - 0) + (-2 - 17 - ((101 - 79) + -44))?
-1
What is -113 + 86 - -61 - -17?
51
What is (13 - -1) + (-4 + -16 - 22)?
-28
-35 - (-5 + -39 + 43 + -17)
-17
Evaluate 24 - ((12 - 24 - -1) + -17).
52
What is the value of 2 + (-4 - (-21 + 2 - 28))?
45
Calculate (31 + -15 - (-18 + 2)) + -6.
26
Calculate (-1 - 1) + 13 + -15 - (29 - (29 + 17)).
13
Evaluate 20 + 20 + -3 + 15 + -101.
-49
Evaluate 114419 + -114394 - (1 + (-1 - 1) + 68).
-42
(12 + -58 - (49 + -34)) + 29
-32
Calculate -27 + -5 + -2 + 4 + -5 - (16 + -17).
-34
Evaluate 2 + -21 + (18 + 3 - 36).
-34
Calculate 5 - ((1495 - 1489) + 0 + 3 + -1).
-3
(-32 - -53) + -37 + (-6 + 2 - -1)
-19
What is the value of (-20353 - -20502) + -61 + -1?
87
What is (-3 - 1) + -11 - (1000 + -999)?
-16
-23 + 27 + (-33 - -11) + -5 + 1
-22
Evaluate 1 - (-6 - (4 + 8 + -17 + 5) - -2).
5
Calculate -4 + 4 + 26 + 42 + -55.
13
What is the value of 3 + 0 + (-6 - (10 - 3)) + -33?
-43
What is (-5 - -5) + (4 + -1 - (-37 + 36)) + -22?
-18
9 + -13 + (43 - (22 - 6))
23
What is 1 + (-262 + 255 - (4 + -2 - (1 - -93)))?
86
Evaluate 6 + 3 - (2 + (-7 - (-32 - -8)) + -20).
10
(-2 - (-13 + 13 + 0)) + (0 - 27) - 0
-29
Calculate -43 - (10 + -1 + 9 + -31 + 18).
-48
What is 23 + (-16 - 40) - 8?
-41
-73 - -76 - (-5 - -4 - -27) - 10
-33
What is the value of (111 - (51 - 44)) + -53?
51
What is 119 + -1 + -21 + ((-30 - -30) + 30 - 10)?
117
Calculate (12 - 45) + -5 + 1 + (97 - 106) + 15.
-31
-188 - -142 - (3 + -44) - -149
144
Evaluate (-4 - 2) + 11 + (0 - 5 - (-85 + 95)).
-10
24 + 26 - ((33 - 44) + -4 + 7)
58
What is -17 + (-8 - (7 + -53)) + 118 + 5?
144
Calculate (4 - (42 + -40)) + -4 + 6.
4
What is the value of 31 - -14 - 55 - (9 - (0 + 2 - 4))?
-21
Calculate (-87 - (13 + -17)) + (0 - (-15 - -11)).
-79
What is the value of (-40 - -12) + (38 - -1) - (8 + (2 - 1))?
2
Evaluate -25529 + 25538 + (2 - (-6 - -1 - -1)).
15
What is the value of (-18 + 18 - 10) + 20 + 16?
26
(-283 + 276 - (1 - 19)) + 11
22
-3 - (35 - -2 - 17)
-23
Evaluate 66 - 11 - 64 - (-5 + (2 - 0)).
-6
-1 + (-1 - 3) + (90466 - 90314)
147
What is the value of 26 + (9 - (26 + (0 + 1 - 11)))?
19
What is -2 + 22 + -2 + 735 + -739?
14
What is 7 - ((12 - 31 - -12) + -9 + 0)?
23
Calculate -63 - (19 + -1 + -9 + (-62 - -69)).
-79
Evaluate -37 - ((5 - 23) + -14) - (-86 - (-3 - -4)).
82
Calculate -2 + (42 - (-24 + 3)) - (-2 - (2 + -7)).
58
((-99 - 10) + 12 - -10 - -17) + 14
-56
Calculate -11 + (-21 - -78) - 9.
37
Evaluate 13 - (3 + -2 - (8 + (-12 + 31 - 22))).
17
What is (6 - -19) + -66 + 30 + 34?
23
-95 + 31 + 52 + -43
-55
What is 37 + (-12 - (48 - -6)) - -60?
31
What is (0 - -131) + -9 + -39?
83
Evaluate 85 - ((19 - -21) + 14).
31
What is the value of -6 + -4 + -2 - (-22 - (29 + -23))?
16
Evaluate -72 + (22 - 12) + -6 + 7.
-61
Calculate -30 - -8 - (-37 + 30).
-15
1 + -64 + -3 + -471 + 454
-83
Calculate (13 - -7) + -153 + 154.
21
Evaluate -30 + (3 - 2) + (-22 - (-27 + -1)).
-23
Calculate (-9 + -2 + -9 + 12 - (-5 + 1)) + 6.
2
What is 112 + (47 - (-51 + 129 + -3))?
84
Calculate (231 - (-90 + 228)) + -119.
-26
What is -31 - -52 - 9 - -19?
31
Calculate 1 + 225 + (-10618 - -10513).
121
103 + -17 + -16 + -43
27
(82 - (-11 - (-1 + 12 + -23)) - 9) + 5
77
Evaluate -4 + 2 - -32 - (-4307 - -4286).
51
Evaluate -43 - (22 - 103) - (-1 - -1 - -1 - -1).
36
Evaluate -24 + (-39 + 119 - 33).
23
Calculate -11 + (-32 - -14 - -6 - (2 + -8) - -85).
68
81 - (84 - -34) - -124
87
What is -14 + (8 - -1) + (7 - (9 + -1 + -4))?
-2
Evaluate -88 - (-56 - (-12 - 0)).
-44
What is the value of 0 - -72 - (-5665 - -5703)?
34
What is the value of (42 - -2) + (-1 - 78) + 95?
60
Evaluate -78 + 60 + 16 - -60.
58
-10 + (-5 - -1 - 1 - 3) + 9 + 41
32
Evaluate -2 - -22 - (4914 + -4850).
-44
What is 1334 + -1225 - (1 + 7 + -3 + 5)?
99
Evaluate 17 + (7 + -18 - -3) + (-5 - -8 - 49).
-37
What is -139 - (-7 + -22 + -24)?
-86
Calculate -59 - 1 - (102 + -110).
-52
What is the value of -3 + -42 + -138 + 268 + -104?
-19
What is -31 - ((-110 - -252) + -124 - (0 + (9 - 1)))?
-41
What is the value of (-4 - 2 - -23) + (47 - (73 - -1))?
-10
Calculate -4 + (-37 - (-16 + 31 + -32)).
-24
Calculate 9 - (0 + 8) - ((38 - -1) + -2).
-36
What is 17 - (30 - 24) - ((-4 - 16) + -2)?
33
What is 26 - ((22 - (30 - 16)) + 33)?
-15
What is -100 - (2 + 40 + 12 + (-31 - 2))?
-121
What is 18 + (-32 - (9 + -16 + -11))?
4
(20 - (23 + -6)) + (-57 - (10 + 0)) - 5
-69
Evaluate -4 + 9 + 11 + (5 - 14).
7
Evaluate (-9 - -21) + -6 - (14 + -3).
-5
What is 69 + 4 + (-15 - 82)?
-24
What is 137 + (-222 - -99) - (-15 + -1)?
30
What is -1 + -30 + -2037 + 2145?
77
What is the value of -147 - -125 - (-28 - -10)?
-4
What is the value of -43 - ((-3 + 12 - 2) + (-396 - -401))?
-55
What is 13 - (-12 - (-14 - -13) - (4 - -12))?
40
Calculate -5 + -8 + -12 + (5 - -54).
34
Evaluate (0 - 9) + 42 + (-10 - -9).
32
What is the value of 41 + 0 - (5 - (2 + 14 + -69 + 49))?
32
What is 65 + -18 - -22 - (-1 - -23)?
47
Calculate (4 + (0 - 1) - (17 + -35 